- 45) - 8
10
Calculate 11 - (37 - 23) - (-1 + 0 + 10).
-12
What is the value of -7 - -23 - (-48 - -65)?
-1
What is 65 + -71 + 14 + 0 - (-2 + 25)?
-15
Evaluate 33 - (0 - -1 - ((23 - 38) + 15)).
32
Evaluate -9 + 20 + (17 - 12) + -8.
8
What is -28 + 2 + 36 + -16?
-6
What is the value of 0 + -17 + -29 + 46?
0
Evaluate 12 + (-9 - (-13 + 8)) + 10.
18
Calculate (19 - 21) + 26 - 21.
3
Calculate 0 + -37 + 12 + -18 + 15 + -6.
-34
0 + 9 - ((-9 - -17) + -4)
5
-6 - (-9 + -6 + -2 + 7)
4
Evaluate 50 + -42 + 1 + -1 - (2 + -2).
8
Calculate 73 - 82 - (-6 - 0).
-3
Calculate 31 - (-33 - -26) - 23.
15
What is the value of (1 + 0 - (24 - (-4 + 18))) + -10?
-19
Evaluate -9 + (-10 - (8 - (-8 - -4))).
-31
Evaluate 1 + 2 + -4 + 15 + -6 + -8.
0
-1 - (13 + -29 + 19)
-4
What is the value of 9 + -25 - -11 - 1?
-6
What is 24 + 23 + -56 + 4?
-5
(-10 - ((0 - -17) + 0)) + (-4 - -12)
-19
Evaluate 0 + 1 - ((-1 - -3) + (-4 - 4)).
7
(-7 - (0 - 3)) + 15 - (11 + 2)
-2
-1 + (5 - 4) - (8 - 18)
10
What is the value of 26 - (-1 - -7 - (-11 + -16 + 36))?
29
What is 6 + -3 + -1 - (10 - -4)?
-12
Calculate -2 + (19 - 7) + -8.
2
-63 + 75 - (-1 + 10) - (12 - -2)
-11
What is 1 - 0 - 15 - (-3 - (34 - 32))?
-9
0 - (-13 + 15 + 5 + 7)
-14
What is 3 + 9 - (-25 + 23 + 6)?
8
What is the value of -2 + -1 - 1 - (-44 + 16)?
24
(1 - -4) + (9 - 6) + -16
-8
What is 12 + -4 + (-5 + 3 - 14)?
-8
Evaluate -16 + 15 + 6 - (3 + (1 - 0)).
1
10 + (-11 + 11 - 5) + -11
-6
What is (-15 - -1) + -628 + 644?
2
What is the value of -8 + 1 - (0 - 0 - (5 - 1))?
-3
Evaluate (1 - -7) + 18 + -34 + (16 - -2).
10
Calculate 9 - (15 - (-16 + 13)).
-9
13 - 2 - (13 - (-30 - -43))
11
What is -3 - (1 + -15 + 17)?
-6
Calculate 15 + -6 + 20 - 49.
-20
What is the value of -7 + -1 + (-12 - ((-13 - -7) + -5))?
-9
Calculate -6 + (-12 - 19) - -21.
-16
What is the value of -10 + -18 + 29 + 13?
14
What is -15 + 70 - 5 - (-7 - (2 - 21))?
38
What is the value of 12 - ((-27 - -13 - -2) + (38 - 2))?
-12
What is 30 - (0 - -29 - 1)?
2
What is the value of 8 + (-17 - -14 - 11) + 16?
10
What is the value of (-4 - (-10 - 2)) + (-1 - 9)?
-2
What is the value of -30 - -12 - -6 - -15 - 4?
-1
What is 73 + -69 + (4 - 2)?
6
Evaluate -13 + 13 + 8 - 11.
-3
Evaluate -9 - -34 - (11 + -8).
22
Calculate 5 - (28 + -10 + 7).
-20
Calculate 7 + 1 + 2 + (7 + 0 - 2).
15
Calculate -13 - (-28 + 32) - (2 - 4).
-15
Evaluate -15 - ((-10 - (7 - 21)) + 5).
-24
What is the value of 69 + -45 - (27 + -3)?
0
What is the value of 1 - (30 + -16) - (-2 + -1)?
-10
What is the value of (18 - 16 - -29) + -22?
9
Calculate (-9 - -17 - 26) + 10.
-8
Evaluate (2 - 9) + -8 + 14.
-1
What is the value of (7 - 3) + (-7 - -29)?
26
What is (-1 - 7) + 15 + -5 - 11?
-9
-40 + 49 - (3 - -9)
-3
Evaluate -40 - (19 + -48 + 9).
-20
What is the value of -15 - (-24 + 2 + 11)?
-4
What is 11 + -1 + (-31 + 31 - -11)?
21
What is -2 - (7 - 3) - (5 + -23) - 1?
11
Evaluate (10 - 14 - 5) + (-6 - -20).
5
Evaluate (-1 - 2) + 14 + (13 - 20) - -2.
6
Evaluate -4 + (-5 - -19) + -17.
-7
Calculate -1 - (-18 - (4 - 14)) - -6.
13
What is the value of (-5 - -3) + (-6 - (-20 + -2)) + 7?
21
Evaluate 4 - ((0 - -5) + -1 + -4).
4
What is the value of -7 + (3 - 8 - -15) + -4 + 6?
5
What is the value of -6 + 9 - 3 - 5 - -1?
-4
2 + (-4 - (2 + -2)) + 47 + -52
-7
(2651 - 2664) + (3 - (2 + -2))
-10
Evaluate (-16 - (-1 - 15)) + 6.
6
Calculate -11 + (-9 - -10 - -6).
-4
Evaluate (19 + -20 - -16) + -30.
-15
What is the value of (4 - 15 - -3) + 23 + 2?
17
Evaluate (-9 - (26 - 8)) + 33.
6
What is 1 + 3 + 4 + -9 + -4?
-5
-20 + 18 - -3 - -2
3
Evaluate (-1 - 5) + (-17 + 8 - (0 - 0)).
-15
-11 - (3 - (0 - 0) - -13) - -6
-21
What is -1 + (4 - (1 + -8 + 0)) - 4?
6
Evaluate 0 - -33 - (9 + 2 + (7 - 14)).
29
What is -4 + 4 + -3 - (63 - 42)?
-24
What is -6 + -7 - ((8 - 6) + -9)?
-6
Calculate (9 + -6 - (-3 + (-3 - -14))) + 5.
0
What is (4 - (0 + 1 - 5)) + 9 + -11?
6
Evaluate 1 + -13 + -15 + 11 + 5.
-11
-1 + 4 - (14 + (4 - 13) + 1)
-3
What is the value of -7 - (2 + (-19 - -5 - 7))?
12
Calculate -8 + 9 - 24 - -4.
-19
Calculate 6 + (-3 - (-7 + 4)) + (-14 - 4).
-12
Calculate 10 - (-4 + 26) - -2.
-10
Calculate 10 + (10 - 13) - (0 - -12).
-5
What is the value of -12 - -1 - (-567 + 572)?
-16
Evaluate 70 + -53 - (3 - 8) - 7.
15
What is (29 - 36 - -14) + -13?
-6
What is the value of -13 + (0 - -2) + (100 - 80) + 16?
25
Calculate 2 + (10 - (21 - 11) - (9 - 2)).
-5
What is (-2 - 4) + -19 + 28 + 2?
5
Evaluate -8 + 23 + 18 + -21.
12
-19 - -5 - (-15 + 7 - 9)
3
6 + (1 - -2) + -17
-8
What is 14 + 24 + -21 + -18?
-1
Calculate 11 + -43 - -3 - -6.
-23
What is the value of 15 + (-2 - (-1 + 10))?
4
Calculate -1 + 3 + 7 + 1 + 66 + -53.
23
What is the value of 16 + (-14 - 13) - -6?
-5
What is (14 - 33) + -1 - (8 + -16 + 3)?
-15
Calculate -23 - 1 - (12 - (17 + 10 - 16)).
-25
(-14 - -1 - (-73 + 60)) + -13
-13
Calculate -10 + (5 - 2) + (4 - 13 - 5).
-21
Calculate 9 - (17 - (1 - -14)).
7
-3 - 18 - -29 - ((-1 - 1) + -1)
11
Evaluate 15 - (13 - 1 - ((4 - 3) + 4)).
8
(-16252 - -16252) + (-1 + 1 - 0 - 11)
-11
What is the value of 7 - (3 - 0) - (23 + -10)?
-9
Calculate (-1 - (-12 - 2)) + (60 - 11 - 52).
10
Evaluate -2 + (-34 - -30) + (6 - 0).
0
What is the value of -2 - -8 - 1 - 3 - (-14 - -7)?
9
11 + -18 - (-11 - -8)
-4
Calculate (35 + -57 - (2 - -2)) + 2 - -8.
-16
Calculate 1 + 1 + -3 + (13 - 15) - 3.
-6
Calculate (6 - (-12 + 14)) + (-3 - 2) + 2.
1
What is the value of 20 - -1 - (2432 + -2394)?
-17
Calculate -5 - (-112 - -112 - (11 - -1)).
7
Evaluate -16 + 12 + 20 + -5.
11
What is the value of 3 + (1 - 3) + 17 + 3 + -15?
6
What is the value of -14 + (3 - 6) + 10?
-7
22 + (-9 - (8 + 0))
5
Evaluate (-24 - (-8 - -2)) + 42.
24
What is (-8 - (8 + -27)) + -4 - 28?
-21
(3 - 0) + (-20 - -25 - 20)
-12
Calculate -60 - (-5 + (-40 - -6)).
-21
What is 4 + -6 + 4 + -31?
-29
-19 - (-5 - 30) - 10
6
Calculate 7 - (9 + -17 - -9) - 6.
0
What is the value of -5 + -25 - -12 - -14?
-4
What is the value of (25 - 24) + -2 + -7 + 12?
4
Evaluate -1 + 0 + -6 - 0 - (-35 + 30).
-2
What is 15 + 4 - (9 - 5 - (-4 - -2))?
13
(-4 - -8 - 0) + -19
-15
What is -15 + 0 - (107 - 120)?
-2
What is the value of (-64 - -80) + (5 - (3 - 2))?
20
What is 5 - (23 - 14 - (-1 + 19))?
14
What is the value of -225 + 198 + (-18 - -6)?
-39
-4 - 1 - (18 + -22 + 7)
-8
What is -122 + 121 - (1 - 7 - -2)?
3
What is 5 - (-4 - (8 + 15 - 12))?
20
Calculate ((2 - (-3 + 10)) + -9 - 0) + 9.
-5
6 + 10 + -3 - (0 - -8)
5
What is the value of 19 + -15 + -7 + (-7 - -4) + 1?
-5
Evaluate -8 - ((-72 - -64) + 2 + -5).
3
What is 19 + (-30 + 29 - 42)?
-24
Evaluate -25 + -10 + 24 + -12.
-23
-9 - (-3 + -15 + 17 + -17 + 6)
3
-1 - (3 + (2 - 5) - -12)
-13
17 + (-13 - (2 + -11))
13
32 - 45 - (-3 - -7) - 10
-27
Evaluate (16 + -7 + 2 - 5) + -4.
2
28 + 3 + -30 + (-1 - -4)
4
Calculate -6 + (-7 - (-4 + (-1 - (-2 - -4)))).
-6
Calculate 7 + 8 + -32 + 3 + 4.
-10
Calculate 8 + -1 + -24 - (-20 + 33).
-30
Evaluate -2 + -18 + 22 - (2 - -4).
-4
What is (0 - -35) + (7 - (5 - (-3 + -6)))?
28
-33 + 41 - (3 - (0 + -17))
-12
-5 + (-33 + 37 - (4 + 1)) - -20
14
Calculate -10 - (-3 + 2 + -2 + 5).
-12
What is the value of (-1 - 2) + (-4 - (11 - 4 - 9))?
-5
What is -1 - (0 + 18 - (105 + -103))?
-17
(-16 - -8) + (2 - 3) + 91 + -48
34
Calculate -7 - (-1 + -17 - (-8 + 1 + 12)).
16
12 + 17 + -30 - (3 - 2 - 11)
9
What is -6 - ((-39 - -33) + (1 - -3) - 16)?
12
Calculate 10 + -5 + -4 + 9.
10
(295 - 281) + -2 + -6 + 0
6
8 - (1 - (4 - (4 + 7 - 3)))
3
What is 13 + (-32 - (-8 - 0))?
-11
What is the value of 7 + (-27 - -24) + 0 + 8?
12
(8 - -5) + -30 + 31
14
What is 8 - (18 - -1 - 17)?
6
13 + (-24 - (-16 - -3))
2
What is -5 - ((9 - 10 - -9) + 0)?
-13
What is the value of -1 + 12 - (-130 - -125) - -4?
20
Evaluate 12 + (2 - 7) + (-21 - -2).
-12
-13 - (2 + -16 + 4) - (0 + -31)
28
What is the value of 9 + (-4 - (-2 + -1 - (-10 + 6)))?
4
2 + (-2 - (0 - -5)) - (4 + 4)
-13
Evaluate (-1 - (27 - 22)) + 8.
2
Calculate 7 + -3 + -5 - (9 + 0 + -5).
-5
(1 - -7) + -5 + 2 + 7
12
What is (-28 + (15 - -2) - -4) + 2 + 1?
-4
What is 3 + (-13 - -2) + -25 + 20?
-13
(-197 - -186) + (-7 - 0) + 1
-17
What is the value of 8 - (1 + (44 - 23))?
-14
What is -5 + -3 - (38 - 40) - 8?
-14
-6 - (-1 + (10 - -5) + -1 - 4)
-15
Calculate -2 - (2 + -29) - (-61 + 35 - -35).
16
What is the value of (5 - 15) + 4 - -9?
3
Evaluate 6 - 